1029?
2820
In base 8, what is 53 + 2502?
2555
In base 6, what is -515 + -1523?
-2442
In base 15, what is -3 - -465a1?
4659d
In base 7, what is 0 - -1412621?
1412621
In base 13, what is -4 + -1071?
-1075
In base 5, what is 3 - -102233?
102241
In base 12, what is 186623 + -4?
18661b
In base 3, what is -201 - -111202?
111001
In base 2, what is -10 - 10011001110000110011?
-10011001110000110101
In base 14, what is 6c + 12?
80
In base 12, what is -b7 - -1598?
14a1
In base 10, what is 124 + 22?
146
In base 15, what is 88ec - 3?
88e9
In base 2, what is -100 - 111001011101?
-111001100001
In base 12, what is 1a2901 - 7?
1a28b6
In base 10, what is 7011 - 186?
6825
In base 12, what is -9890 + 1?
-988b
In base 9, what is 11 - 33845?
-33834
In base 15, what is 6 - 127136?
-127130
In base 7, what is 1536 + 21?
1560
In base 2, what is 110011 + -11011001?
-10100110
In base 4, what is -31110231 - -32?
-31110133
In base 9, what is -343646 + 1?
-343645
In base 15, what is -7096b + -1?
-7096c
In base 13, what is a77 + 20b?
c85
In base 13, what is -28174 - 0?
-28174
In base 13, what is 8 + -1402?
-13c7
In base 6, what is 331 - 1455?
-1124
In base 3, what is 1102012 + -1102?
1100210
In base 3, what is 11 + -100201?
-100120
In base 8, what is 3 + 140477?
140502
In base 14, what is 54345 + -6?
5433d
In base 14, what is -393 - -14b?
-246
In base 8, what is 0 + 3744667?
3744667
In base 2, what is 10011 + 1100010100110?
1100010111001
In base 6, what is 0 + -42533?
-42533
In base 15, what is 2382 + -2d?
2354
In base 8, what is -57307 - 1?
-57310
In base 10, what is 1 + -48946?
-48945
In base 9, what is 558445 - 0?
558445
In base 4, what is -210113331 + 20?
-210113311
In base 7, what is 256446 + -51?
256365
In base 11, what is 29a - -8161?
8450
In base 6, what is 35012512 + -4?
35012504
In base 11, what is 5 - 10693?
-10689
In base 6, what is -352 - 1213?
-2005
In base 10, what is 33 + 858?
891
In base 8, what is 221 - 7?
212
In base 10, what is 306 + -744?
-438
In base 14, what is 1ad81 + -4?
1ad7b
In base 14, what is 263 - -1659?
18bc
In base 14, what is -3 - 69c2?
-69c5
In base 4, what is 1 - 12130012200?
-12130012133
In base 4, what is -1113133 - 12?
-1113211
In base 7, what is -3544 + 25?
-3516
In base 5, what is -202304000 - -1?
-202303444
In base 10, what is 80 - 277?
-197
In base 12, what is 2 - 168?
-166
In base 7, what is -22 + 161?
136
In base 9, what is -3 + -357767?
-357771
In base 15, what is -22e - -99?
-185
In base 16, what is 3 - -16d84?
16d87
In base 5, what is 232242 + 200?
232442
In base 6, what is -25404 - 21?
-25425
In base 15, what is 1e - -41cb?
41ea
In base 10, what is -140793 + 0?
-140793
In base 6, what is 3 - 53511?
-53504
In base 9, what is 173888 + -4?
173884
In base 15, what is 48a8 + -7?
48a1
In base 4, what is -3 - 100222312?
-100222321
In base 8, what is -5 + 433325?
433320
In base 4, what is -1032101310 + -1?
-1032101311
In base 14, what is 1135 + -b?
1128
In base 8, what is 24 + -10752?
-10726
In base 8, what is -1 - -42750?
42747
In base 9, what is 11728 - -15?
11744
In base 15, what is -19b31 + 0?
-19b31
In base 8, what is 1610 + 76?
1706
In base 13, what is -90 - 23b?
-2cb
In base 3, what is 22011200021200 - 1?
22011200021122
In base 8, what is 44 - -43724?
43770
In base 2, what is -1101110011 - 111101010?
-10101011101
In base 2, what is -110011010110101 + -110?
-110011010111011
In base 8, what is -76 - -2132?
2034
In base 5, what is 343030404 + 1?
343030410
In base 15, what is e90 + 16?
ea6
In base 4, what is -22 - -311101?
311013
In base 2, what is -10111000100 + 10100?
-10110110000
In base 6, what is 1003 + 35?
1042
In base 4, what is 11 + -2330011001?
-2330010330
In base 9, what is 64 + 16685?
16760
In base 3, what is -120001021012 + -21?
-120001021110
In base 2, what is 101101111 - 10000111?
11101000
In base 13, what is 5226 - 16?
5210
In base 3, what is -101211201 + 100?
-101211101
In base 6, what is -23453445 + -1?
-23453450
In base 3, what is 10 - -2002212122?
2002212202
In base 3, what is -11 + -11001020122?
-11001020210
In base 11, what is -7a10 + -43?
-7a53
In base 4, what is 110323102 + 3?
110323111
In base 5, what is 13341 - 140?
13201
In base 12, what is -155b4 + -3?
-155b7
In base 15, what is 21e + -3bb?
-19c
In base 5, what is -3 - 344300?
-344303
In base 12, what is -49ab7 - 3?
-49aba
In base 13, what is 6 - 2651?
-2648
In base 16, what is -25ed + 0?
-25ed
In base 13, what is 88 - 385c?
-37a4
In base 6, what is 21005543 - -5?
21005552
In base 13, what is 1 - 248c?
-248b
In base 2, what is -111 - 10110100010?
-10110101001
In base 9, what is 22 + -16012?
-15880
In base 7, what is -351345 - -4?
-351341
In base 3, what is -101220 + 1102110?
1000120
In base 6, what is -4134 - -450?
-3244
In base 14, what is 387 - -28a?
633
In base 14, what is -dd6 + -9?
-1001
In base 13, what is 4 - 4445?
-4441
In base 15, what is 5 - -12ad17?
12ad1c
In base 2, what is 100000010111010110000 + -101?
100000010111010101011
In base 4, what is -131 - 10002013?
-10002210
In base 13, what is -21027 + -15?
-2103c
In base 2, what is 100 - -1101111001011?
1101111001111
In base 8, what is 14774 + -44?
14730
In base 4, what is -2 - 11012022?
-11012030
In base 14, what is 1c66ac + -5?
1c66a7
In base 2, what is -1001001 + -10110011111?
-10111101000
In base 12, what is 25 + 32a0?
3305
In base 4, what is -23100 + 1?
-23033
In base 3, what is -10020121 - -10200?
-10002221
In base 11, what is 213 + 260?
473
In base 5, what is 232323 - 1144?
231124
In base 14, what is 5 + -5833?
-582c
In base 7, what is 102560 - -56?
102646
In base 4, what is 20 + 131000?
131020
In base 11, what is 58 - -6685?
6732
In base 13, what is 0 - c8bc?
-c8bc
In base 16, what is -26 - -37f5?
37cf
In base 8, what is 5 - 3100?
-3073
In base 7, what is -45111 - -31?
-45050
In base 15, what is 10 - 1bd?
-1ad
In base 3, what is 10 - -10010222100?
10010222110
In base 9, what is -22 - 74?
-106
In base 7, what is 2 - -633140?
633142
In base 14, what is b8 - 7574?
-749a
In base 13, what is 607 + -258?
37c
In base 2, what is 1010010011001 - 1000?
1010010010001
In base 7, what is 3323 + 0?
3323
In base 3, what is -1201 + 2112012?
2110111
In base 14, what is 10bd82 - 7?
10bd79
In base 12, what is -504 + 114?
-3b0
In base 3, what is 10110110 - 1100?
10102010
In base 14, what is -3 + 25bac?
25ba9
In base 5, what is 13103 + -1230?
11323
In base 12, what is b - 2aa3?
-2a94
In base 2, what is 10010101101110 - 101?
10010101101001
In base 3, what is 20110021 + 202?
20111000
In base 3, what is 11220010 - 201?
11212102
In base 10, what is -935 - 900?
-1835
In base 15, what is -767 + b?
-75b
In base 14, what is 89914 + 0?
89914
In base 13, what is 4 - -437?
43b
In base 16, what is -6 - -1c2d?
1c27
In base 16, what is -7a0e01 - -5?
-7a0dfc
In base 11, what is -15 + -40a57?
-40a71
In base 15, what is 33 - ebe?
-e8b
In base 13, what is c - 4263?
-4254
In base 6, what is -10335 + 3?
-10332
In base 15, what is 340 + 7?
347
In base 12, what is 1a936 - -5?
1a93b
In base 15, what is 238 - 211?
27
In base 13, what is 134b + 1c1?
153c
In base 7, what is -501 - -126?
-342
In base 2, what is 10111 + 10011101101000110?
10011101101011101
In base 15, what is 810 - -7?
817
In base 16, what is -16 + cd?
b7
In base 15, what is 4b76d + -4?
4b769
In base 12, what is -29 + -27b?
-2a8
In base 7, what is 30121 + -206?
26612
In base 11, what is 2086 + 24?
20aa
In base 12, what is -24407 - -2?
-24405
In base 9, what is -8 + -14666?
-14675
In base 3, what is 2000220221 + -1?
2000220220
In base 13, what is -2a9 + 224?
-85
In base 10, what is 97947 - -4?
97951
In base 8, what is -7461544 - 1?
-7461545
In base 2, what is -11111 - -11011111101?
11011011110
In base 16, what is 2 - -5670?
5672
In base 3, what is -20020 + -202201201?
-202221221
In base 9, what is 8635 + -7?
8627
In base 15, what is -1cab7c + -3?
-1cab80
In base 2, what is 11000100000 + 10000100?
11010100100
In base 6, what is 14 - 233304?
-233250
In base 10, what is 2 - -140259?
140261
In base 16, what is 4 - -6353?
6357
In base 13, what is -b70 - -11?
-b5c
In base 13, what is 0 - 36a17?
-36a17
In base 13, what is -1 - -103857?
103856
In base 8, what is 4 - -165563?
165567
In base 16, what is -3 + -63c8?
-63cb
In base 2, what is -101010001101 + -101100?
-10101011100